nd 234.
18
Let u(r) = -r + 20. Let g be u(18). Suppose -24 = -g*j - 26, -5*n = -3*j - 598. What is the highest common divisor of 7 and n?
7
Let h be (-10)/(-15)*6*(-12)/16. Let l = 17 + h. What is the greatest common divisor of l and 126?
14
Let k be ((-2)/(-6))/(10*1/60). Suppose 672 = 2*i + k*i. Calculate the highest common factor of 63 and i.
21
Suppose -23*k = -29*k. Suppose k = 61*j - 56*j - 325. Let h = 83 - j. What is the greatest common divisor of h and 162?
18
Suppose -9*d + 3*d + d = 0. Let h be -1 - (-5 - d)/1. Suppose j + 2*j + 3*p - 471 = 0, 2*j - h*p - 290 = 0. What is the highest common factor of 9 and j?
9
Let f = 7343 + -7231. What is the greatest common divisor of f and 2096?
16
Suppose -3*w + 158 = -4*s, -w + 73 = s + 11. Suppose 64*i - w*i = 924. What is the greatest common divisor of i and 22?
22
Let u = -192 - -338. Let d = u + -36. Calculate the highest common factor of d and 10.
10
Let b = -69 + 101. Let v be ((-640)/(-6))/(((-300)/45)/(-20)). Calculate the greatest common divisor of b and v.
32
Let p be 1467/(-99) + 15 + (-4948)/(-11). Let b = p - 432. Calculate the greatest common factor of 36 and b.
18
Suppose -9*i + 437 = -652. Suppose 5*t - i = -56. Let l(g) = g**3 + 7*g**2 + 2*g - 4. Let q be l(-3). What is the highest common factor of t and q?
13
Suppose 17508 = 113*i - 11728 + 4828. What is the greatest common divisor of i and 2232?
72
Suppose -3*t + 497 = 3*j - 1177, -3*t = -2*j + 1101. Let n = 22 + 8. What is the highest common divisor of n and j?
15
Let h be (1 - 0 - 1)*(-12)/(-36). Suppose 7*a - 36 = 5*a - 5*c, -4*a + c + 72 = h. Calculate the highest common divisor of 21 and a.
3
Let f = -7308 + 7326. What is the highest common factor of 1098 and f?
18
Let q = 332 + -190. Let w = 186 - q. Let r be (1/(-2))/((-1)/66). What is the greatest common divisor of r and w?
11
Let b be (-12)/(-18) + 7/1 + (-12)/18. Calculate the greatest common divisor of 14623 and b.
7
Let m = -487 - -742. Suppose -b - 2*o + 32 = 0, -2*b - 4*o = o - 65. Calculate the greatest common divisor of b and m.
15
Let f = -1558 - -1642. Calculate the highest common factor of f and 1036.
28
Suppose -88*j = -84*j - 3*m - 5238, -1317 = -j - 3*m. What is the greatest common divisor of j and 38?
19
Suppose -3*p + 10 = 2*j - 106, -p + 69 = 5*j. Let n(d) = 31*d**2 - d + 1. Let f be n(2). Let o = 497 - f. What is the highest common divisor of o and p?
34
Let i be (-321)/((-5)/((-35)/(-7))). Suppose -3*g = 3*k - i, 517 = 5*k + 4*g - 8*g. What is the greatest common divisor of 175 and k?
35
Let n(p) = -p**3 - 6*p**2 - 4*p + 21. Let h be n(-4). Suppose 0 = 5*g + h, 87 = 5*a + 5*g - 68. Calculate the highest common factor of a and 320.
32
Suppose -z = 20*z - 63. Suppose 0 = m - z, 11 = 3*j + 5*m - 10. Calculate the highest common factor of 5 and j.
1
Suppose -5*i = f - 10*i - 15, 4*i = 5*f - 33. What is the greatest common factor of 2610 and f?
5
Let c = 346 + -236. Let y = c + -39. Calculate the highest common factor of 71 and y.
71
Let y be 3*4/6 - -28. Let a(n) = 6*n - 210. Let o be a(39). Calculate the greatest common factor of y and o.
6
Let r = -206 + 211. Suppose 3*c - 3*i = 48, 3*c - 4*i + 8*i = 13. Suppose 13*g - 10 = c*g. Calculate the greatest common divisor of g and r.
5
Suppose -25*y + 122*y - 61*y = 108. Calculate the highest common factor of y and 180.
3
Let q = 444 - 172. Let a = q + -268. What is the greatest common divisor of a and 36?
4
Let j be (-211)/(-5) - 1 - 3/15. Calculate the highest common factor of 697 and j.
41
Let a be (-17)/(-187) + (-42)/(-22). Suppose a*y - 12*y + 1760 = 0. Calculate the highest common factor of 22 and y.
22
Let x(d) = -5*d**2 - 40*d + 3. Let i be x(-7). Calculate the greatest common divisor of i and 5111.
19
Let f be 1*10*9/6. Suppose 11*l - 10 = -65. Let d be (l - 11/(-2)) + 145/10. What is the highest common factor of d and f?
15
Let d be 13/26 - (-17)/2. Suppose d*t = 526 - 1606. Let w be (-274)/(-30) + 16/t. Calculate the greatest common divisor of w and 189.
9
Let m = 9 - 6. Suppose -4*w + 48 = -6*y + y, -4*y - 36 = -m*w. Let k(q) = 28*q**2 + 2*q. Let u be k(-2). What is the highest common divisor of w and u?
12
Let i be ((-262478)/(-259))/(4/49)*4. What is the highest common factor of i and 14?
14
Let n be 2 + -2 + (1 - (-5 - -3)). Suppose d + 3 = 2*c - n, 4*d - c = -31. Let z be 1686/24 + 0 - (-2)/d. Calculate the highest common factor of z and 10.
10
Let v(a) = 9*a**2 - 78*a + 432. Let r be v(10). Calculate the greatest common factor of 184 and r.
184
Let b = 2594 + -374. Calculate the greatest common divisor of b and 148.
148
Let t(s) = -22*s + 3. Let b = -13 - -5. Let v be (-1 - 5/(20/b)) + -2. Let d be t(v). Calculate the greatest common divisor of 100 and d.
25
Suppose 5*z - 60 = -5*n, -3*n = 68*z - 63*z - 60. Calculate the greatest common factor of 112 and z.
4
Suppose 2*w = 5*v - 15032, -21*v = -16*v - 5*w - 15035. What is the highest common divisor of 36 and v?
18
Suppose l = -3*l + 16. Let a be (-608)/l*(-18)/8. Suppose 3*s + 70 = 2*t, 3*t - 110 = -5*s + 7*s. What is the greatest common factor of t and a?
38
Let d(u) = 246*u - 2082. Let s be d(83). What is the greatest common divisor of s and 96?
96
Let l be 164/14 - 2/(-7). Let f = -17 + -7. Let j be (1/(-2) + 0)*f. What is the highest common divisor of l and j?
12
Suppose 20 = -2*a + 60. Let k be (-70)/a*40/(-7). What is the greatest common factor of k and 170?
10
Let l(q) = -3*q + 69. Let k be l(23). Suppose k = -4*f - a + 5, a - 3*a + 6 = 4*f. What is the highest common divisor of 29 and f?
1
Suppose -18*y = -13*y + 85. Let v(d) be the third derivative of -d**4/24 + d**3/6 - 17*d**2. Let c be v(y). Calculate the greatest common factor of 144 and c.
18
Suppose -19 - 41 = -4*k. Let a be ((-4)/6 + 8/6)*480. Suppose -18*l + a = -2*l. What is the greatest common factor of l and k?
5
Let n(l) = 18*l**2 - 7*l + 4. Let f be n(4). Suppose 5*y = -3*y - 1344. Let s = y + f. What is the greatest common divisor of 12 and s?
12
Suppose -2*y + 141 - 29 = 0. Let t(q) = q**3 - 5*q**2 + 4*q + 7. Suppose 0 = -14*a + 9*a + 20. Let x be t(a). What is the highest common divisor of x and y?
7
Let x = 310 - 278. Suppose -x = -52*c + 51*c. Let j(b) = -b - 1. Let r be j(-9). What is the greatest common divisor of c and r?
8
Suppose 5*s - 3254 = -6*l, -2*l + 75*s = 79*s - 1066. Calculate the greatest common divisor of 225 and l.
9
Let l(j) = -j**2 + 92*j - 1217. Let q be l(75). Calculate the greatest common factor of q and 4031.
29
Suppose 0 = -2*a + 1023 + 489. Let l = -47654 + 47822. What is the greatest common factor of a and l?
84
Let c be 6/(-14 + (-741)/(-52)). What is the highest common factor of c and 328?
8
Let x(h) = 4*h + 133. Let p be x(-30). Suppose 10*v = p*v - 54. Calculate the highest common divisor of 117 and v.
9
Let b(g) = -3*g**3 - 50*g**2 - 250*g - 109. Let j be b(-19). What is the greatest common factor of j and 384?
128
Let l be -2 + 6*(-8)/(-6). Let u(t) = t**2 + t - 4. Let q be u(-5). Let x be (q/(-24))/((-1)/3). What is the greatest common divisor of x and l?
2
Let f be ((-2941)/(-119) - 25)*-2023*1. What is the greatest common factor of f and 136?
34
Let f be (-2)/(-1)*(-303)/6. Let d = f + 105. Calculate the highest common divisor of d and 2.
2
Let q = -960 + 1030. Let l = 84 - 56. Calculate the highest common divisor of q and l.
14
Let r = 5416 - 5392. Calculate the highest common factor of 664 and r.
8
Let b be 1*6/57 - (-118962)/513. Suppose 305 = 5*v - 420. Calculate the highest common divisor of v and b.
29
Suppose -3*r - 4*o = -2*r - 185, -350 = -2*r + 2*o. Suppose 2*z + p + r = 6*z, 0 = 3*z + p - 138. Calculate the greatest common factor of z and 36.
9
Let a(j) = 2*j - 64. Let s be a(52). Let p = 10 + -10. Suppose -u = -p*u - 10. What is the greatest common divisor of u and s?
10
Let a = -1429 + 1593. Calculate the greatest common factor of 8 and a.
4
Let d be 5/(-3) + 1 - (-152)/12. Let y be (((-8)/10)/(2/(-45)))/(313/12520). Calculate the highest common divisor of y and d.
12
Let a = 107 + -94. Suppose -6*y = a*y - 2527. Calculate the highest common divisor of y and 19.
19
Let r = -146 + 151. Let y be 5 - 7/(-7)*r. Calculate the highest common divisor of y and 10.
10
Let j be 2/(-7) + (-1 - 3172/(-28)). Let n = j - 27.